a - y - 8 = 0. What is the tens digit of a?
1
Let f(r) = -r**3 - 8*r**2 + 2*r + 7. Let s be f(-8). Let d be -1 + (0 - s*4). Let c = -15 + d. What is the tens digit of c?
2
Suppose 87 = -3*s + 9. Let h be (5 + -3)*s/(-4). Let q(v) = v**3 - 12*v**2 - 11*v - 1. What is the tens digit of q(h)?
2
Let u = 196 + -96. Suppose 10*o - 8*o - u = 0. What is the tens digit of o?
5
Let f(c) = -c**2 - 10*c. Let j be f(-10). Suppose 3*u - 3*m = 189, u + 4*m - 79 + 21 = j. What is the units digit of u?
2
Suppose -3 = 3*u + 3. Let g be (5/u - -2)*-4. Suppose -g*n - 25 = -3*n. What is the units digit of n?
5
Suppose 12 = 5*h - 3*a + 11, 0 = -5*h - a - 7. What is the units digit of h/(-6) + 0 + (-3034)/(-12)?
3
Let w(c) be the third derivative of -c**4/24 + 23*c**3/6 + c**2. Suppose -4*a + 4*g - 64 = 5*g, 5*g = 4*a + 64. What is the tens digit of w(a)?
3
Let t = 1753 + 146. What is the units digit of t?
9
Suppose 3*q - 1044 = -696. What is the hundreds digit of q?
1
Suppose -3*n - 720 = -4*g - n, -2*g = -2*n - 356. What is the tens digit of g?
8
Suppose g - 2 = 2*d - g, -2*g = -d + 2. Let x be 0 + -1 - (-4 - d). What is the units digit of x - -5 - (-18)/(-6)?
1
Let t be ((-107)/5)/((-1)/5). Suppose -2*r + 2*l = 5*l - 49, 0 = 4*r + 3*l - t. What is the tens digit of r?
2
Suppose 5*k = -727 + 2142. What is the units digit of k?
3
Suppose -4*d = -3*y - 360, -5*d + 2*y + 364 = -d. What is the tens digit of d?
9
Let f(n) = 3 - 3 - 5 + 1. Let x(z) = -z + 4. Let v(w) = -4*f(w) - 5*x(w). What is the units digit of v(3)?
1
What is the hundreds digit of (-46 - -44) + (-970)/(-1*2)?
4
Let u(s) = 42*s. Let r be u(1). Suppose -4*x + 177 = 3*h, -r - 34 = -2*x - 4*h. What is the units digit of x?
8
Let y(w) = -w**2 - 6*w - 2. Let x be y(-5). Suppose 2*u + 2*u - 40 = -x*m, 4*m = -u + 23. Suppose -u*h + 212 = -3*h. What is the tens digit of h?
5
Let c = 33 - 30. Let l = c + 41. What is the tens digit of l?
4
Suppose 8*m - 618 = -4*r + 10*m, -5*r = -5*m - 780. What is the hundreds digit of r?
1
What is the units digit of (752/(-12))/(2/(-21))?
8
Let a be 627/12 + (-2)/8. Suppose 4*y = -3*l + 208, 4*y + 5*l - 156 = a. What is the units digit of y?
2
What is the tens digit of (4*-1)/((42/(-498))/7)?
3
Let h(y) = y**3 + 8*y**2 - 17*y - 5. What is the tens digit of h(-7)?
6
Suppose 190974 = 78*f - 33198. What is the hundreds digit of f?
8
Let p(c) = 2*c - 18. Let w be p(0). What is the units digit of (-2)/(-9) - 806/w?
5
Let u = -98 + -9. Let m = 111 + u. What is the units digit of m?
4
Suppose 4*s = -2*o - o + 63, 5*s - 45 = 3*o. Let i = 17 + s. What is the units digit of i?
9
Let t be (-1 + 0)*(0 + -1). Let c(m) = m**3 + 9*m**2 + 15*m - 9. Let u be c(-7). Let l = t - u. What is the units digit of l?
7
Let n(k) = -195*k**3 - 3*k**2 + 49*k + 96. What is the thousands digit of n(-2)?
1
Let c(m) = m**3 - 7*m**2 + 10*m - 6. Let i be c(6). Suppose -66 = 14*t + 18. What is the units digit of 24/i*(-171)/t?
8
Let m = -65 - -144. What is the tens digit of m?
7
Let v = -40 + 712. What is the units digit of v?
2
Let t(k) = -12*k - 73. What is the tens digit of t(-7)?
1
Let u = 1233 + -316. What is the units digit of u?
7
Let c(v) = -v**2 - 5*v + 5. Let p be c(-6). What is the tens digit of ((-87)/15)/(p/5)?
2
Suppose 20*f + 20 = 25*f. Suppose 2*a + o = -2*a + 69, -f*a = 4*o - 72. What is the units digit of a?
7
Suppose -2*s = -2*q - 482, 2*s - 479 = -0*s - q. Suppose -18*g = -13*g - s. What is the units digit of g?
8
Let t(o) = 89*o**3 - 2*o + 3. What is the tens digit of t(1)?
9
Let x(z) be the third derivative of 19*z**5/20 - z**4/12 - 2*z**3/3 + 25*z**2. What is the tens digit of x(2)?
2
Let a = -97 + 97. Suppose -5*c + 4*c + 212 = a. What is the hundreds digit of c?
2
Let l = -131 + 53. Let q be 138/(-8)*64/24. Let u = q - l. What is the tens digit of u?
3
Suppose 4*f - 2*f = 28. What is the units digit of 17 - (-7)/(f/8)?
1
Let j = -47 + 138. Suppose -3*w + j = -74. What is the tens digit of w?
5
Suppose 0 = -4*n + 8*n + 48. What is the units digit of 27*((-3)/n)/((-12)/(-16))?
9
Suppose -2*c + 6 + 0 = 0. Suppose 906 = -0*l + c*l. What is the hundreds digit of l?
3
Suppose 66*z = 59*z + 434. What is the units digit of z?
2
Let m be (41/2)/(2/12). Let k(o) = -o**3 - 9*o**2 - 15*o - 3. Let b be k(-7). Suppose m = b*x + 19. What is the tens digit of x?
2
Let b(y) = 17*y + 34. Let m be b(9). Let r = -125 + m. What is the units digit of r?
2
Suppose -3*c - 2*m = -19, -c - 5 = m - 6*m. What is the tens digit of (-23)/5*c/(-1)?
2
Let r = 3 + 2. Suppose -2*c = 2, -o - 4*c + 0 - 1 = 0. Suppose r*f + t - 157 = 0, 5*f - 7*t + o*t - 147 = 0. What is the tens digit of f?
3
Let q be (-76)/(-8) - ((-36)/(-8))/(-9). Let i = 68 - q. What is the units digit of i?
8
Let l(v) = 9*v**2 + 5 + 5*v + 5 + 4*v + v**3. Let o be l(-8). Let u = 5 + o. What is the units digit of u?
7
Let k = 1073 + 811. What is the hundreds digit of k?
8
Suppose -6*s + 1294 = -2*s - l, 2*s - l - 648 = 0. Suppose u - 6*u = -3*g - 394, -5*g - s = -4*u. What is the units digit of u?
7
Suppose -2 = -d - 5. Let y be (-37)/((-5 + 2)/d). Let u = y + 58. What is the units digit of u?
1
Let o = 266 - 109. What is the tens digit of o?
5
Let j(k) = 134*k - 14. Let y be j(8). Let t = y + -614. Suppose t = 5*o + 104. What is the units digit of o?
8
Let b(n) = 194*n**2 - n + 2. Let y be b(1). Suppose -79 = -3*m - 3*a + 32, 5*m - y = 5*a. What is the units digit of m?
8
Suppose 0 = 2*v + 20 - 8. What is the tens digit of 93/v*12/(-3)?
6
Suppose a = -0*u - u + 368, -3*u = -a - 1120. What is the units digit of u?
2
Suppose 5*v + 7140 = 20*v. What is the units digit of v?
6
Suppose 2*f - c - 461 = 0, 2*f + c - 4*c = 467. Suppose -6*d + 23 = -f. What is the units digit of d?
2
Let p(d) be the first derivative of 23*d**4/4 - d**2 - 5*d + 1. Let o(y) = 35*y**3 - 3*y - 8. Let t(u) = 5*o(u) - 8*p(u). What is the units digit of t(-1)?
8
Let m be (9/5 - 1)/((-9)/45). Let f(d) = d**2 + 4 - 2 - 5 + 3*d. What is the units digit of f(m)?
1
Suppose -3*w = -122 + 38. Suppose -4*x = -w - 208. What is the tens digit of x?
5
Let b = 8315 + -3767. What is the hundreds digit of b?
5
Let n(t) = t**3 - 16*t**2 - 27*t + 16. Let y be (-6)/(-1*2/6). What is the tens digit of n(y)?
7
Let s(c) = -5*c + 2. Let i be s(-2). What is the tens digit of -6*(1 - 118/i)?
5
Let j be (-226)/(-2) + 9/3. Suppose 753 = 5*s - 3*h, -5*h = s - 29 - j. What is the tens digit of s?
5
Let u(b) = 12*b**2 + b. Let v be u(-1). Let s(m) = -m**3 + 0*m**3 + 1 - 7*m**2 + v*m**2 + 0*m**3 + 5*m. What is the units digit of s(4)?
1
Suppose -w + 2*h = -413, -2*w + 10*h = 15*h - 817. What is the units digit of w?
1
Let d(n) = 22*n + 16*n + 5*n + 5 + 16. What is the tens digit of d(3)?
5
Suppose 3*h = y - 227, -4*h + 0*y = 2*y + 296. Let k be (-3 + 0)*3/(54/12). What is the tens digit of (h/(-6))/(k/(-4))?
2
Let o(g) = 1510*g + 73. What is the hundreds digit of o(2)?
0
Let q = -122 + 520. What is the tens digit of q?
9
Suppose 7*k - 3*k = 4*s - 15092, 0 = -5*k + 10. What is the thousands digit of s?
3
Let o(c) = c**2 - 15*c - 47. Let f be o(20). Let l = f - 11. What is the tens digit of l?
4
Let x(i) = i**3 - 18*i**2 - 18*i + 17. Let g be x(19). What is the units digit of g/21 + (92/28 - 3)?
2
Let h = 494 + -393. What is the tens digit of h?
0
Let u = -24 + 26. Let f be u*(-1 + -2 + 5). Suppose t + f*t = 235. What is the units digit of t?
7
Let q(l) = -5*l**2 + 13*l - 2. Let t(u) = -u**2. Let h(n) = -q(n) + 4*t(n). Let g be h(13). Suppose -g*b + 3*b = 15. What is the units digit of b?
5
Suppose n = -3*s + 181, n - 4*s = -4*n + 810. Let i = n - 80. What is the tens digit of i?
8
Suppose 16*r - 21944 = -10*r. What is the units digit of r?
4
Let b(g) be the first derivative of -7*g**5/24 - g**4/24 - 5*g**3/3 + 6. Let j(k) be the third derivative of b(k). What is the units digit of j(-1)?
4
Let y(n) = 6*n - 17. Let o be y(5). Let x = -137 - -202. Suppose 2*z = o + x. What is the tens digit of z?
3
Let w = 36 + -32. Suppose w*m - 4*v = 88, 3*m + v = 5*m - 45. What is the tens digit of m?
2
What is the hundreds digit of 433 + (-5)/(-20) + (-27)/12?
4
Let x be (-2040)/32 - 1/4. Let g = x - -110. What is the units digit of g?
6
Let v = 384 - 75. What is the hundreds digit of v?
3
Suppose 0 = 63*p - 313871 + 39821